 the third derivative of -b**4/8 - 13*b**3/6 + 111*b**2 + b. Calculate i(-6).
5
Let o(a) be the third derivative of 1/6*a**3 + 0 - 6*a**2 + 1/60*a**5 - 11/24*a**4 + 0*a. Give o(9).
-17
Let z(h) be the second derivative of -h**5/5 - h**4/6 + h**3/6 - 2*h**2 - 8166*h. Determine z(-3).
83
Let i(c) = -80*c + 36. Let a be i(-7). Let r = -593 + a. Let j(h) be the first derivative of -h**4/4 + 2*h**3/3 + h**2 + 3*h + 2. Calculate j(r).
0
Let z(y) = -1. Let g(s) = -72*s - 8. Let t(k) = g(k) - 2*z(k). Let f be t(-1). Let n(i) = 33*i - 1 - f*i + 34*i. Determine n(-3).
-4
Let k be (-2)/(33/((-2244)/(-8))). Let h(g) = -3*g - 60. Give h(k).
-9
Suppose -4*q - 1 = 19. Let l be ((-3)/6)/(q/(-20)). Let h(v) = v**2 - 3*v - 2. What is h(l)?
8
Suppose 75 = 74*d - 59*d. Let k(o) = -o**3 + 6*o**2 - 8*o - 5. What is k(d)?
-20
Let x(v) = v + 2. Let k be x(10). Suppose -5*y = -122 + k. Let j(s) = s + 12 - y - 3*s + s. Give j(-6).
-4
Let r(t) be the second derivative of -t**3/6 - t**2 - 4597*t. Let m = 1 - 1. What is r(m)?
-2
Let i(m) = 2*m**2 - 10*m + 7. Let q be 5/1 + 21/3 + -6. What is i(q)?
19
Suppose 4*i = 510 + 14. Let z = -138 + i. Let g(r) = r**3 + 8*r**2 + 8*r + 3. What is g(z)?
-4
Let q(p) = 8*p + 1. Let f be ((-2)/8)/(450/(-1600)) + 1/9. What is q(f)?
9
Let w(n) = n. Let a(u) = 28*u. Let h(l) = l. Let j(k) = -a(k) + 24*h(k). Let v = 172 + -169. Let i(q) = v*w(q) + j(q). Give i(-4).
4
Let d(g) = -58*g + 167. Let k be d(3). Let t(b) = -b**2 - 9*b - 16. Determine t(k).
-2
Let o be 7 + 0 - (-6 - -10). Let n(l) = -3*l + 1. Let f(y) = y. Let d(b) = 21*f(b) + 6*n(b). Let r(j) = -3*j - 5. Let z(i) = o*r(i) + 4*d(i). Calculate z(-6).
-9
Suppose -5*k + 67 = -3*s, 48 = -0*k + 4*k - s. Let d(y) = 10 - 10*y + k*y + 0*y. Let l(i) = -4*i - 40. Let m(p) = 9*d(p) + 2*l(p). Give m(-9).
1
Let z be (2/4)/((-9)/12*8/36). Let h(x) = 7*x + 25. Determine h(z).
4
Let s(d) = -13*d**2 - 1 + 3*d + 9*d**3 - 1 - 27*d**2 + 38*d**2. What is s(1)?
8
Let q be 1 - (-5)/(0 - -5). Suppose q*d - 3 = y - 0, 6 = 5*d - 3*y. Let b(f) = -15*f + 3. Determine b(d).
-42
Let w(m) = -7*m**3 + 5*m**2 + 5*m - 11. Let t(v) = -10*v**3 + 5*v**2 + 4*v - 12. Let b be (-63)/21*((-1)/(-3) - 1). Let h(r) = b*t(r) - 3*w(r). Calculate h(6).
3
Let w(x) be the first derivative of -2*x**2 + 3*x - 1476. Suppose 3*u - u = 10. Give w(u).
-17
Let h = 17 + -10. Suppose 2*i - 10 = -2*x, 5*i = 6*i - 3*x + 7. Let n(r) = r**2 + 9 + 7*r + 30*r**i - 32*r**2. Calculate n(h).
9
Let g(r) = -r**3 + 42*r**2 - 79*r - 18. Suppose -58*b = -1237 - 1083. Give g(b).
22
Suppose 85 = 60*v + 157 + 108. Let f(d) = d**3 + 2*d**2 + 2*d + 8. Give f(v).
-7
Let u(s) = 8*s**2 + 58*s - 42. Let n be -1*((-90)/(-18) + 3). Give u(n).
6
Let i(o) be the second derivative of -o**5/24 - o**4/24 - 2*o**3/3 - 5*o + 9. Let t(v) be the second derivative of i(v). Calculate t(-2).
9
Let a(o) = o**3 - 15*o**2 + o + 175. Let v be a(14). Let q(k) = -4*k + 7 - k + k + 2. What is q(v)?
37
Let q = 47 - 45. Let g(r) = -4 + 17 - 18 + r**q - 9. Determine g(0).
-14
Let i(n) be the second derivative of n**6/120 + 7*n**5/30 - 2*n**4/3 - 13*n**3/6 + 59*n**2 - 17*n. Let c(y) be the first derivative of i(y). Determine c(-15).
2
Suppose 47*s = 43*s + 20. Suppose 3*f + 5*y = -2, 0*y + 10 = -5*f - s*y. Let q(b) be the first derivative of 2*b**3/3 + 3*b**2 + 6*b - 10. Determine q(f).
14
Let h(a) = a**3 - 6*a**2 + 4. Let p be h(6). Suppose -4*c = -2*g + 16, -p*g + 0*g - 5*c - 33 = 0. Let t(w) = -3*w**2 + 2*w + 1. Calculate t(g).
-15
Let o(n) = 8*n**2 + 4585 - 9172 + 4586 + 7*n + 4*n**3. What is o(-1)?
-4
Let g(b) be the first derivative of b**4/4 + 4*b**3/3 + 5*b**2/2 + 2*b - 2. Suppose 3*d - 8 = -w, 2*w + 1564*d = 1562*d. What is g(w)?
-18
Let r(t) be the second derivative of -t**6/720 + t**5/15 - t**4/6 + 5*t. Let d(p) be the third derivative of r(p). Let w be -6*(11 + 438/(-36)). Determine d(w).
1
Suppose -44*k + 34825 = -3191. Let s = k + -856. Let a(t) = t**3 - 8*t**2 + 3*t - 15. Calculate a(s).
9
Let i = 158 - 172. Let z(n) = n + 19. Determine z(i).
5
Suppose -4*t - 5 = i, 3*t - 5 = 4*i - 23. Let k = 31 - 29. Let h(d) = 5 - 3*d**2 + 0 + k*d**2 - i*d. Determine h(-5).
-5
Let f(i) = i**2 + 4*i - 3. Let n(x) = x**3 + 9*x**2 + 4. Suppose -7*z - 81 = 2*z. Let m be n(z). Suppose -5*c - 2*s - 16 = -6, -m*c - 26 = -2*s. Determine f(c).
-3
Let q(h) be the first derivative of -h**4/4 + 46*h**3/3 - 49*h**2/2 + 188*h - 7417. Determine q(45).
8
Let r(x) = -7*x + 2295 + 2286 + 2294 - 15*x**2 - 8*x - x**3 - 6880. Determine r(-14).
9
Let p(w) = 3*w**2 - 89*w - 28. Let r be p(30). Let u(j) = -j - 59 + 10*j**2 - 9*j**r + 19 + j**3 + 24. What is u(0)?
-16
Let t = -540 + 540. Suppose 11*k + 0 + 44 = t. Let g(l) = -2*l**2 + 3*l - 2. Calculate g(k).
-46
Let s be (((-21)/56)/((-6)/(-8)))/((-15)/(-30)). Let v(x) be the third derivative of -17*x**5/60 - x**4/24 + 4*x**2. Calculate v(s).
-16
Let t(j) = j**3 + 9*j**2 - 4. Let d be ((6 - -1) + 3)/(3 - 4). Let k be ((-12)/d)/((-16)/120). Determine t(k).
-4
Let l(t) = -t**3 + 3*t**2 + 6*t - 3. Let m be l(4). Let b(g) be the first derivative of 1/2*g**2 - g + 251. Calculate b(m).
4
Suppose -11*g + 194 - 47 - 26 = 0. Let z(f) = f**3 - 10*f**2 - 7*f + 8. Determine z(g).
52
Let t(p) = -5*p**3 - 12*p**2 + 6*p. Let m = -31 + 32. Let x(j) = 15*j**3 - 4*j**2 - 16*j**3 + 2*j**2 + j**2. Let v(c) = m*t(c) - 6*x(c). Determine v(5).
5
Let t(y) = -374*y**2 - 36*y**2 - y**3 + 381*y**2 + 64*y + 37. Calculate t(-31).
-25
Let x be 25*8/120 + 8/6. Let t(j) = x + 43*j - 2 + 40*j + 37*j + j**2 - 124*j. Determine t(6).
13
Let j(c) = -3*c**3 - c - 1. Let m(u) = -u**2 - 13*u + 23. Let n be m(-14). Suppose 11*o + n = 2*o. What is j(o)?
3
Let k = 93 - -196. Let a be 64/34 - (-34)/k. Let f(l) = 6 - 12*l + l**a - 4*l + 10*l. Calculate f(6).
6
Let y(c) be the second derivative of c**4/12 + 3*c**3/2 + 3*c**2 + 1305*c - 1. Calculate y(-3).
-12
Suppose -5*q + 70 = 5*w, -33*q = w - 34*q - 6. Let l(n) = 14*n - 1. Let v(j) = 5*j. Let a(c) = -4*l(c) + 11*v(c). What is a(w)?
-6
Let n(d) be the first derivative of d**2 + 3*d - 7. Let f(g) be the third derivative of g**5/60 + g**4/2 - 2*g**3/3 - 22*g**2. Let u be f(-12). Determine n(u).
-5
Let p(m) = -156*m**2 + 6*m - 7. Let t(g) = 438*g**2 - 17*g + 20. Let c(n) = 17*p(n) + 6*t(n). Give c(-1).
-23
Let v(k) = -k + 4. Let s be v(10). Let o(z) = 11*z**2 + 6*z - 7. Let t(d) = -2*d**2 - d + 1. Let p(i) = s*t(i) - o(i). Suppose -2*c = -11 + 13. What is p(c)?
2
Let t(o) = o**3 - 9*o**2 - 3*o - 7. Let k be (-3 - -3)*195/45*5/65. Determine t(k).
-7
Let x(a) = a**2 - 12*a - 10. Let p = -5307 - -5317. Calculate x(p).
-30
Let k(m) = 5*m - 17 + 60 - 2*m - 31. Give k(-5).
-3
Let v = 11 - 14. Let q(g) be the second derivative of -g**4/12 - g**3 - g**2/2 + 107*g + 10. What is q(v)?
8
Suppose 0 = -n + 4*w, 4*w = 2*n + 6*w - 30. Suppose 8*b - n*b - 12 = 0, -19 = -2*m + 5*b. Let f(i) = i**2 - 2*i - 2. What is f(m)?
-2
Let j(s) = 5*s**3 - 109*s**2 - 104*s**2 + 419*s**2 + 2*s - 111*s**2 - 4*s**3 - 6 - 102*s**2. Suppose 3 = 5*c - 2. Let x be (-1 + 2)/(c/7). What is j(x)?
8
Let f be 1 - ((-4)/6 - (-1120)/(-84)) - 2. Let s(x) be the third derivative of 0*x + 5/3*x**3 + 1/12*x**4 + 0 - f*x**2. Give s(-8).
-6
Let w(p) be the second derivative of 3*p**3 + p**2/2 - 209*p. What is w(-3)?
-53
Let m(t) = t**2 - 4*t - 14. Let b be 4/10*(161 - 171). Calculate m(b).
18
Suppose -6*b = -3*b - 2*r - 169, 2*r - 287 = -5*b. Let d(t) = 51*t + t**2 + 48*t - 164*t + b*t - 14. Calculate d(10).
6
Let b(s) = -2*s + 2. Let r(q) = q + 1. Let c(o) = b(o) + r(o). Suppose -5*i - i = -666. Let u = -111 + i. What is c(u)?
3
Let v(s) = 2*s**2 - 2 - 11*s + 4*s**3 - 2*s**3 + 15*s - 3*s**3. Suppose -6*r + 10*r - 24 = 0. Suppose n = -n + r. Give v(n).
1
Let j(o) = 4*o**3 - o**2 + 3. Let y = 3 - 12. Let a = -1082 - -1084. Let f(v) = 17*v**3 - 3*v**2 - v + 13. Let k(z) = a*f(z) + y*j(z). Calculate k(2).
-9
Let v(u) = -2 - 11*u**2 + u + 4*u + 4*u**2 + u. Let l(f) = -7*f**2 + 8*f - 3. Let n(p) = -5*l(p) + 6*v(p). Determine n(1).
-8
Let z(d) = -9*d**3 + 7*d**2 + 5*d - 7. Let q = 171 - 164. Let k(l) = -13*l**3 + 10*l**2 + 7*l - 10. Let p(i) = q*z(i) - 5*k(i). Calculate p(1).
2
Let c(r) be the third derivative of r**7/840 - r**6/120 - r**5/60 + r**4/6 - 293*r**3/6 - 63*r**2. Let k(z) be the first derivat